{"id":305,"date":"2020-07-01T08:16:43","date_gmt":"2020-07-01T08:16:43","guid":{"rendered":"http:\/\/localhost\/centre_web_site\/?page_id=305"},"modified":"2020-07-06T02:39:52","modified_gmt":"2020-07-06T02:39:52","slug":"cours","status":"publish","type":"page","link":"https:\/\/iilps-guinea.com\/?page_id=305&lang=fr","title":{"rendered":"Cours"},"content":{"rendered":"\t\t<div data-elementor-type=\"wp-page\" data-elementor-id=\"305\" class=\"elementor elementor-305\" data-elementor-settings=\"[]\">\n\t\t\t\t\t\t<div class=\"elementor-inner\">\n\t\t\t\t\t\t\t<div class=\"elementor-section-wrap\">\n\t\t\t\t\t\t\t<section class=\"elementor-section elementor-top-section elementor-element elementor-element-fea105a elementor-section-boxed elementor-section-height-default elementor-section-height-default\" data-id=\"fea105a\" data-element_type=\"section\">\n\t\t\t\t\t\t<div class=\"elementor-container elementor-column-gap-default\">\n\t\t\t\t\t\t\t<div class=\"elementor-row\">\n\t\t\t\t\t<div class=\"elementor-column elementor-col-100 elementor-top-column elementor-element elementor-element-fcf8021\" data-id=\"fcf8021\" data-element_type=\"column\">\n\t\t\t<div class=\"elementor-column-wrap elementor-element-populated\">\n\t\t\t\t\t\t\t<div class=\"elementor-widget-wrap\">\n\t\t\t\t\t\t<div class=\"elementor-element elementor-element-28b54c5 elementor-widget elementor-widget-heading\" data-id=\"28b54c5\" data-element_type=\"widget\" data-widget_type=\"heading.default\">\n\t\t\t\t<div class=\"elementor-widget-container\">\n\t\t\t<h2 class=\"elementor-heading-title elementor-size-default\">COURS OFFERTS<\/h2>\t\t<\/div>\n\t\t\t\t<\/div>\n\t\t\t\t\t\t<\/div>\n\t\t\t\t\t<\/div>\n\t\t<\/div>\n\t\t\t\t\t\t\t\t<\/div>\n\t\t\t\t\t<\/div>\n\t\t<\/section>\n\t\t\t\t<section class=\"elementor-section elementor-top-section elementor-element elementor-element-f2d5644 elementor-section-boxed elementor-section-height-default elementor-section-height-default\" data-id=\"f2d5644\" data-element_type=\"section\">\n\t\t\t\t\t\t<div class=\"elementor-container elementor-column-gap-default\">\n\t\t\t\t\t\t\t<div class=\"elementor-row\">\n\t\t\t\t\t<div class=\"elementor-column elementor-col-100 elementor-top-column elementor-element elementor-element-f10c265\" data-id=\"f10c265\" data-element_type=\"column\">\n\t\t\t<div class=\"elementor-column-wrap elementor-element-populated\">\n\t\t\t\t\t\t\t<div class=\"elementor-widget-wrap\">\n\t\t\t\t\t\t<div class=\"elementor-element elementor-element-505e16a elementor-widget elementor-widget-text-editor\" data-id=\"505e16a\" data-element_type=\"widget\" data-widget_type=\"text-editor.default\">\n\t\t\t\t<div class=\"elementor-widget-container\">\n\t\t\t\t\t<div class=\"elementor-text-editor elementor-clearfix\"><p>Nous offrons des cours de langues et professionnels.<\/p><\/div>\n\t\t\t\t<\/div>\n\t\t\t\t<\/div>\n\t\t\t\t<div class=\"elementor-element elementor-element-c679e6c elementor-widget elementor-widget-heading\" data-id=\"c679e6c\" data-element_type=\"widget\" data-widget_type=\"heading.default\">\n\t\t\t\t<div class=\"elementor-widget-container\">\n\t\t\t<h2 class=\"elementor-heading-title elementor-size-default\">Cours de langues<\/h2>\t\t<\/div>\n\t\t\t\t<\/div>\n\t\t\t\t<div class=\"elementor-element elementor-element-bca1bad elementor-widget elementor-widget-text-editor\" data-id=\"bca1bad\" data-element_type=\"widget\" data-widget_type=\"text-editor.default\">\n\t\t\t\t<div class=\"elementor-widget-container\">\n\t\t\t\t\t<div class=\"elementor-text-editor elementor-clearfix\"><p>Nous proposons des cours d\u2019anglais, de fran\u00e7ais et de chinois. Nous fournissons des services de traduction et d\u2019interpr\u00e9tation \u00e0 nos clients.<\/p><\/div>\n\t\t\t\t<\/div>\n\t\t\t\t<\/div>\n\t\t\t\t<div class=\"elementor-element elementor-element-fff6892 elementor-widget elementor-widget-heading\" data-id=\"fff6892\" data-element_type=\"widget\" data-widget_type=\"heading.default\">\n\t\t\t\t<div class=\"elementor-widget-container\">\n\t\t\t<h2 class=\"elementor-heading-title elementor-size-default\">Etudes professionnelles<\/h2>\t\t<\/div>\n\t\t\t\t<\/div>\n\t\t\t\t<div class=\"elementor-element elementor-element-052cd7a elementor-widget elementor-widget-text-editor\" data-id=\"052cd7a\" data-element_type=\"widget\" data-widget_type=\"text-editor.default\">\n\t\t\t\t<div class=\"elementor-widget-container\">\n\t\t\t\t\t<div class=\"elementor-text-editor elementor-clearfix\"><p>Les \u00e9tudes professionnelles offrent une vaste s\u00e9lection de programmes th\u00e9matiques de fond. Les cours de courte dur\u00e9e et les programmes de certificat donnent aux entreprises et \u00e0 leurs employ\u00e9s un avantage dans le monde des affaires comp\u00e9titif d\u2019aujourd\u2019hui, qu\u2019il s\u2019agisse de formation ou de recyclage dans des domaines tels que :<\/p><ul><li><p>H\u00f4tel<\/p><\/li><li><p>D\u00e9coration et organisation d\u2019\u00e9v\u00e9nements<\/p><\/li><li><p>Soudage<\/p><\/li><li><p>Carrelage<\/p><\/li><li><p>\u00c9lectricit\u00e9<\/p><\/li><li><p>Plomberie<\/p><\/li><li><p>Mode et design.<\/p><\/li><li><p>Ma\u00e7onnerie<\/p><\/li><li><p>La peinture<\/p><\/li><li><p>R\u00e9paration de climatiseurs et de r\u00e9frig\u00e9rateurs<\/p><\/li><li><p>R\u00e9paration de chaussures<\/p><\/li><li><p>Tapisserie<\/p><\/li><li><p>Charpenterie<\/p><\/li><li><p>Vitrage<\/p><\/li><li><p>Informatique<\/p><\/li><li>Conception graphique<\/li><li>Cr\u00e9ation de site web<\/li><li>Developpement d\u2019applications<\/li><\/ul><\/div>\n\t\t\t\t<\/div>\n\t\t\t\t<\/div>\n\t\t\t\t\t\t<\/div>\n\t\t\t\t\t<\/div>\n\t\t<\/div>\n\t\t\t\t\t\t\t\t<\/div>\n\t\t\t\t\t<\/div>\n\t\t<\/section>\n\t\t\t\t<section class=\"elementor-section elementor-top-section elementor-element elementor-element-819d1b7 elementor-section-boxed elementor-section-height-default elementor-section-height-default\" data-id=\"819d1b7\" data-element_type=\"section\">\n\t\t\t\t\t\t<div class=\"elementor-container elementor-column-gap-default\">\n\t\t\t\t\t\t\t<div class=\"elementor-row\">\n\t\t\t\t\t<div class=\"elementor-column elementor-col-100 elementor-top-column elementor-element elementor-element-ae3ae87\" data-id=\"ae3ae87\" data-element_type=\"column\">\n\t\t\t<div class=\"elementor-column-wrap elementor-element-populated\">\n\t\t\t\t\t\t\t<div class=\"elementor-widget-wrap\">\n\t\t\t\t\t\t<div class=\"elementor-element elementor-element-71efaf9 elementor-widget elementor-widget-heading\" data-id=\"71efaf9\" data-element_type=\"widget\" data-widget_type=\"heading.default\">\n\t\t\t\t<div class=\"elementor-widget-container\">\n\t\t\t<h2 class=\"elementor-heading-title elementor-size-default\">PROGRAMME DE DISPENSEMENT<\/h2>\t\t<\/div>\n\t\t\t\t<\/div>\n\t\t\t\t<div class=\"elementor-element elementor-element-e054a02 elementor-widget elementor-widget-heading\" data-id=\"e054a02\" data-element_type=\"widget\" data-widget_type=\"heading.default\">\n\t\t\t\t<div class=\"elementor-widget-container\">\n\t\t\t<h2 class=\"elementor-heading-title elementor-size-default\">Cours r\u00e9guliers<\/h2>\t\t<\/div>\n\t\t\t\t<\/div>\n\t\t\t\t<div class=\"elementor-element elementor-element-796038a elementor-widget elementor-widget-text-editor\" data-id=\"796038a\" data-element_type=\"widget\" data-widget_type=\"text-editor.default\">\n\t\t\t\t<div class=\"elementor-widget-container\">\n\t\t\t\t\t<div class=\"elementor-text-editor elementor-clearfix\"><p>Le programme d\u2019anglais \u00e0 l\u2019IILPS est divis\u00e9 en 2: cours r\u00e9guliers et cours intensifs. Dans nos cours r\u00e9guliers, vous avez 12 semaines pour passer un niveau. En plus de vos 3 heures par semaine d\u2019enseignement en classe en face \u00e0 face, l\u2019apprenant dispose de 3 heures par semaine de laboratoire de langue ESL requis pour une pratique int\u00e9gr\u00e9e des comp\u00e9tences en anglais. Le programme d\u2019anglais exige que, en plus de venir en classe et au laboratoire de langue, vous fassiez des devoirs hors classe. Plus d\u2019\u00e9coute et de lecture sont recommand\u00e9es car plus vous pratiquez les strat\u00e9gies et les comp\u00e9tences en anglais, plus votre pr\u00e9paration et votre pr\u00e9paration aux exigences de votre programme professionnel et professionnel sont grandes.<\/p><p>La dur\u00e9e de sa formation varie de 2 SEMAINES \u00e0 16 semaines. Le programme est g\u00e9n\u00e9ralement divis\u00e9 comme suit:<\/p><ul><li>3 heures \/ semaine d\u2019enseignement en classe en face \u00e0 face en lecture, \u00e9criture, \u00e9coute et expression orale.<\/li><li>3 heures \/ semaine de laboratoire de langue.<\/li><li>Ratio enseignant \/ apprenant d\u2019environ 1 instructeur pour 12 apprenants<\/li><\/ul><\/div>\n\t\t\t\t<\/div>\n\t\t\t\t<\/div>\n\t\t\t\t<div class=\"elementor-element elementor-element-7c9db3d elementor-widget elementor-widget-heading\" data-id=\"7c9db3d\" data-element_type=\"widget\" data-widget_type=\"heading.default\">\n\t\t\t\t<div class=\"elementor-widget-container\">\n\t\t\t<h2 class=\"elementor-heading-title elementor-size-default\">Regular courses<\/h2>\t\t<\/div>\n\t\t\t\t<\/div>\n\t\t\t\t<div class=\"elementor-element elementor-element-438c8a5 elementor-widget elementor-widget-text-editor\" data-id=\"438c8a5\" data-element_type=\"widget\" data-widget_type=\"text-editor.default\">\n\t\t\t\t<div class=\"elementor-widget-container\">\n\t\t\t\t\t<div class=\"elementor-text-editor elementor-clearfix\"><p>The intensive courses concern learners who want rapid learning over a well-defined period. The duration of his training varies from 2 WEEKS to 16 weeks. The program is generally divided as follows:<\/p><ul><li>10-25hours\/week of face-to-face classroom instruction in reading, writing, listening and speaking.<\/li><li>5-10hours\/ week of language laboratory.<\/li><li>Teacher\/learner ratio of approximately 1 instructor for every 12 learners.<\/li><li style=\"list-style-type: none;\">\u00a0<\/li><\/ul><\/div>\n\t\t\t\t<\/div>\n\t\t\t\t<\/div>\n\t\t\t\t<div class=\"elementor-element elementor-element-5d4e1de elementor-widget elementor-widget-heading\" data-id=\"5d4e1de\" data-element_type=\"widget\" data-widget_type=\"heading.default\">\n\t\t\t\t<div class=\"elementor-widget-container\">\n\t\t\t<h2 class=\"elementor-heading-title elementor-size-default\">PREPARATION AUX TESTS<\/h2>\t\t<\/div>\n\t\t\t\t<\/div>\n\t\t\t\t\t\t<\/div>\n\t\t\t\t\t<\/div>\n\t\t<\/div>\n\t\t\t\t\t\t\t\t<\/div>\n\t\t\t\t\t<\/div>\n\t\t<\/section>\n\t\t\t\t<section class=\"elementor-section elementor-top-section elementor-element elementor-element-8f17112 elementor-section-boxed elementor-section-height-default elementor-section-height-default\" data-id=\"8f17112\" data-element_type=\"section\">\n\t\t\t\t\t\t<div class=\"elementor-container elementor-column-gap-default\">\n\t\t\t\t\t\t\t<div class=\"elementor-row\">\n\t\t\t\t\t<div class=\"elementor-column elementor-col-66 elementor-top-column elementor-element elementor-element-f2dde47\" data-id=\"f2dde47\" data-element_type=\"column\">\n\t\t\t<div class=\"elementor-column-wrap elementor-element-populated\">\n\t\t\t\t\t\t\t<div class=\"elementor-widget-wrap\">\n\t\t\t\t\t\t<div class=\"elementor-element elementor-element-31e3d74 elementor-widget elementor-widget-text-editor\" data-id=\"31e3d74\" data-element_type=\"widget\" data-widget_type=\"text-editor.default\">\n\t\t\t\t<div class=\"elementor-widget-container\">\n\t\t\t\t\t<div class=\"elementor-text-editor elementor-clearfix\"><p>IELTS ou International English Language Testing System, TOEFL et TOEIC \u00e9value la ma\u00eetrise de la langue anglaise des personnes qui souhaitent \u00e9tudier ou travailler o\u00f9 l\u2019anglais est utilis\u00e9 comme langue de communication. Nos IELTS et TOEFL avec des cours d\u2019anglais pr\u00e9-session pr\u00e9parent non seulement les \u00e9tudiants aux examens IELTS ou TOEFL, mais donnent \u00e9galement des conseils sur les techniques d\u2019\u00e9tudes acad\u00e9miques \u00e0 utiliser dans une universit\u00e9 anglophone.<\/p><\/div>\n\t\t\t\t<\/div>\n\t\t\t\t<\/div>\n\t\t\t\t\t\t<\/div>\n\t\t\t\t\t<\/div>\n\t\t<\/div>\n\t\t\t\t<div class=\"elementor-column elementor-col-33 elementor-top-column elementor-element elementor-element-60bb863\" data-id=\"60bb863\" data-element_type=\"column\">\n\t\t\t<div class=\"elementor-column-wrap elementor-element-populated\">\n\t\t\t\t\t\t\t<div class=\"elementor-widget-wrap\">\n\t\t\t\t\t\t<div class=\"elementor-element elementor-element-b2cd05c elementor-widget elementor-widget-image\" data-id=\"b2cd05c\" data-element_type=\"widget\" data-widget_type=\"image.default\">\n\t\t\t\t<div class=\"elementor-widget-container\">\n\t\t\t\t\t<div class=\"elementor-image\">\n\t\t\t\t\t\t\t\t\t\t<img width=\"1024\" height=\"683\" src=\"https:\/\/iilps-guinea.com\/wp-content\/uploads\/2020\/06\/cropped-Staff-at-IILPS-1-1024x683.jpg\" class=\"attachment-large size-large\" alt=\"\" loading=\"lazy\" srcset=\"https:\/\/iilps-guinea.com\/wp-content\/uploads\/2020\/06\/cropped-Staff-at-IILPS-1-1024x683.jpg 1024w, https:\/\/iilps-guinea.com\/wp-content\/uploads\/2020\/06\/cropped-Staff-at-IILPS-1-300x200.jpg 300w, https:\/\/iilps-guinea.com\/wp-content\/uploads\/2020\/06\/cropped-Staff-at-IILPS-1-768x512.jpg 768w, https:\/\/iilps-guinea.com\/wp-content\/uploads\/2020\/06\/cropped-Staff-at-IILPS-1.jpg 1080w\" sizes=\"(max-width: 1024px) 100vw, 1024px\" \/>\t\t\t\t\t\t\t\t\t\t\t<\/div>\n\t\t\t\t<\/div>\n\t\t\t\t<\/div>\n\t\t\t\t\t\t<\/div>\n\t\t\t\t\t<\/div>\n\t\t<\/div>\n\t\t\t\t\t\t\t\t<\/div>\n\t\t\t\t\t<\/div>\n\t\t<\/section>\n\t\t\t\t<section class=\"elementor-section elementor-top-section elementor-element elementor-element-5c10c1a elementor-section-boxed elementor-section-height-default elementor-section-height-default\" data-id=\"5c10c1a\" data-element_type=\"section\">\n\t\t\t\t\t\t<div class=\"elementor-container elementor-column-gap-default\">\n\t\t\t\t\t\t\t<div class=\"elementor-row\">\n\t\t\t\t\t<div class=\"elementor-column elementor-col-100 elementor-top-column elementor-element elementor-element-1d3598d\" data-id=\"1d3598d\" data-element_type=\"column\">\n\t\t\t<div class=\"elementor-column-wrap elementor-element-populated\">\n\t\t\t\t\t\t\t<div class=\"elementor-widget-wrap\">\n\t\t\t\t\t\t<div class=\"elementor-element elementor-element-c9774b1 elementor-align-center elementor-widget elementor-widget-button\" data-id=\"c9774b1\" data-element_type=\"widget\" data-widget_type=\"button.default\">\n\t\t\t\t<div class=\"elementor-widget-container\">\n\t\t\t\t\t<div class=\"elementor-button-wrapper\">\n\t\t\t<a href=\"https:\/\/iilps-guinea.com\/wp-content\/uploads\/2020\/07\/Revised-prices-for-intensive-classes.docx\" class=\"elementor-button-link elementor-button elementor-size-sm\" role=\"button\">\n\t\t\t\t\t\t<span class=\"elementor-button-content-wrapper\">\n\t\t\t\t\t\t<span class=\"elementor-button-icon elementor-align-icon-left\">\n\t\t\t\t<i aria-hidden=\"true\" class=\"fas fa-download\"><\/i>\t\t\t<\/span>\n\t\t\t\t\t\t<span class=\"elementor-button-text\">Fiche de renseignement<\/span>\n\t\t<\/span>\n\t\t\t\t\t<\/a>\n\t\t<\/div>\n\t\t\t\t<\/div>\n\t\t\t\t<\/div>\n\t\t\t\t\t\t<\/div>\n\t\t\t\t\t<\/div>\n\t\t<\/div>\n\t\t\t\t\t\t\t\t<\/div>\n\t\t\t\t\t<\/div>\n\t\t<\/section>\n\t\t\t\t\t\t<\/div>\n\t\t\t\t\t\t<\/div>\n\t\t\t\t\t<\/div>\n\t\t","protected":false},"excerpt":{"rendered":"<p>COURS OFFERTS Nous offrons des cours de langues et professionnels. Cours de langues Nous proposons des cours d\u2019anglais, de fran\u00e7ais et de chinois. Nous fournissons des services de traduction et d\u2019interpr\u00e9tation \u00e0 nos clients. Etudes professionnelles Les \u00e9tudes professionnelles offrent une vaste s\u00e9lection de programmes th\u00e9matiques de fond. Les cours de courte dur\u00e9e et les&hellip; <br \/> <a class=\"read-more\" href=\"https:\/\/iilps-guinea.com\/?page_id=305&#038;lang=fr\">Read more<\/a><\/p>\n","protected":false},"author":1,"featured_media":0,"parent":0,"menu_order":0,"comment_status":"closed","ping_status":"closed","template":"","meta":{"spay_email":""},"yoast_head":"<!-- This site is optimized with the Yoast SEO plugin v15.4 - https:\/\/yoast.com\/wordpress\/plugins\/seo\/ -->\n<title>Cours - IILPS<\/title>\n<meta name=\"robots\" content=\"index, follow, max-snippet:-1, max-image-preview:large, max-video-preview:-1\" \/>\n<link rel=\"canonical\" href=\"https:\/\/iilps-guinea.com\/?page_id=305&#038;lang=fr\" \/>\n<meta property=\"og:locale\" content=\"en_US\" \/>\n<meta property=\"og:type\" content=\"article\" \/>\n<meta property=\"og:title\" content=\"Cours - IILPS\" \/>\n<meta property=\"og:description\" content=\"COURS OFFERTS Nous offrons des cours de langues et professionnels. Cours de langues Nous proposons des cours d\u2019anglais, de fran\u00e7ais et de chinois. Nous fournissons des services de traduction et d\u2019interpr\u00e9tation \u00e0 nos clients. Etudes professionnelles Les \u00e9tudes professionnelles offrent une vaste s\u00e9lection de programmes th\u00e9matiques de fond. Les cours de courte dur\u00e9e et les&hellip; Read more\" \/>\n<meta property=\"og:url\" content=\"https:\/\/iilps-guinea.com\/?page_id=305&amp;lang=fr\" \/>\n<meta property=\"og:site_name\" content=\"IILPS\" \/>\n<meta property=\"article:modified_time\" content=\"2020-07-06T02:39:52+00:00\" \/>\n<meta property=\"og:image\" content=\"https:\/\/iilps-guinea.com\/wp-content\/uploads\/2020\/06\/cropped-Staff-at-IILPS-1-1024x683.jpg\" \/>\n<meta name=\"twitter:card\" content=\"summary_large_image\" \/>\n<meta name=\"twitter:label1\" content=\"Written by\">\n\t<meta name=\"twitter:data1\" content=\"Dev\">\n\t<meta name=\"twitter:label2\" content=\"Est. reading time\">\n\t<meta name=\"twitter:data2\" content=\"2 minutes\">\n<script type=\"application\/ld+json\" class=\"yoast-schema-graph\">{\"@context\":\"https:\/\/schema.org\",\"@graph\":[{\"@type\":\"WebSite\",\"@id\":\"https:\/\/iilps-guinea.com\/#website\",\"url\":\"https:\/\/iilps-guinea.com\/\",\"name\":\"IILPS\",\"description\":\"Learning to day... Leading tomorrow\",\"potentialAction\":[{\"@type\":\"SearchAction\",\"target\":\"https:\/\/iilps-guinea.com\/?s={search_term_string}\",\"query-input\":\"required name=search_term_string\"}],\"inLanguage\":\"en-US\"},{\"@type\":\"ImageObject\",\"@id\":\"https:\/\/iilps-guinea.com\/?page_id=305&lang=fr#primaryimage\",\"inLanguage\":\"en-US\",\"url\":\"https:\/\/iilps-guinea.com\/wp-content\/uploads\/2020\/06\/cropped-Staff-at-IILPS-1.jpg\",\"width\":1080,\"height\":720},{\"@type\":\"WebPage\",\"@id\":\"https:\/\/iilps-guinea.com\/?page_id=305&lang=fr#webpage\",\"url\":\"https:\/\/iilps-guinea.com\/?page_id=305&lang=fr\",\"name\":\"Cours - IILPS\",\"isPartOf\":{\"@id\":\"https:\/\/iilps-guinea.com\/#website\"},\"primaryImageOfPage\":{\"@id\":\"https:\/\/iilps-guinea.com\/?page_id=305&lang=fr#primaryimage\"},\"datePublished\":\"2020-07-01T08:16:43+00:00\",\"dateModified\":\"2020-07-06T02:39:52+00:00\",\"inLanguage\":\"en-US\",\"potentialAction\":[{\"@type\":\"ReadAction\",\"target\":[\"https:\/\/iilps-guinea.com\/?page_id=305&lang=fr\"]}]}]}<\/script>\n<!-- \/ Yoast SEO plugin. -->","_links":{"self":[{"href":"https:\/\/iilps-guinea.com\/index.php?rest_route=\/wp\/v2\/pages\/305"}],"collection":[{"href":"https:\/\/iilps-guinea.com\/index.php?rest_route=\/wp\/v2\/pages"}],"about":[{"href":"https:\/\/iilps-guinea.com\/index.php?rest_route=\/wp\/v2\/types\/page"}],"author":[{"embeddable":true,"href":"https:\/\/iilps-guinea.com\/index.php?rest_route=\/wp\/v2\/users\/1"}],"replies":[{"embeddable":true,"href":"https:\/\/iilps-guinea.com\/index.php?rest_route=%2Fwp%2Fv2%2Fcomments&post=305"}],"version-history":[{"count":3,"href":"https:\/\/iilps-guinea.com\/index.php?rest_route=\/wp\/v2\/pages\/305\/revisions"}],"predecessor-version":[{"id":479,"href":"https:\/\/iilps-guinea.com\/index.php?rest_route=\/wp\/v2\/pages\/305\/revisions\/479"}],"wp:attachment":[{"href":"https:\/\/iilps-guinea.com\/index.php?rest_route=%2Fwp%2Fv2%2Fmedia&parent=305"}],"curies":[{"name":"wp","href":"https:\/\/api.w.org\/{rel}","templated":true}]}}